
18
Calculate the remainder when 6840 is divided by 6626.
214
What is the remainder when 113128 is divided by 83?
82
What is the remainder when 5789 is divided by 92?
85
What is the remainder when 534 is divided by 79?
60
Calculate the remainder when 689 is divided by 67.
19
Calculate the remainder when 793 is divided by 425.
368
Calculate the remainder when 689171 is divided by 27.
23
Calculate the remainder when 3520 is divided by 100.
20
Calculate the remainder when 627449 is divided by 705.
704
Calculate the remainder when 21260 is divided by 269.
9
Calculate the remainder when 67981 is divided by 22633.
82
Calculate the remainder when 141324 is divided by 7063.
64
What is the remainder when 54807 is divided by 142?
137
Calculate the remainder when 2613234 is divided by 69.
66
What is the remainder when 2456 is divided by 278?
232
Calculate the remainder when 2311 is divided by 371.
85
Calculate the remainder when 2046 is divided by 333.
48
Calculate the remainder when 9374 is divided by 236.
170
What is the remainder when 50628 is divided by 828?
120
What is the remainder when 11694 is divided by 20?
14
What is the remainder when 8705 is divided by 2750?
455
What is the remainder when 9508 is divided by 928?
228
What is the remainder when 1501 is divided by 113?
32
What is the remainder when 39276 is divided by 4364?
0
Calculate the remainder when 1181 is divided by 165.
26
Calculate the remainder when 6462 is divided by 2957.
548
What is the remainder when 8685 is divided by 4313?
59
Calculate the remainder when 354 is divided by 40.
34
Calculate the remainder when 60792 is divided by 4050.
42
What is the remainder when 826 is divided by 58?
14
Calculate the remainder when 47668 is divided by 23826.
16
What is the remainder when 8488 is divided by 137?
131
What is the remainder when 22459 is divided by 206?
5
What is the remainder when 856909 is divided by 253?
251
Calculate the remainder when 32111 is divided by 24.
23
Calculate the remainder when 562831 is divided by 116.
115
Calculate the remainder when 78227 is divided by 212.
211
Calculate the remainder when 8159 is divided by 1160.
39
Calculate the remainder when 121114 is divided by 24207.
79
What is the remainder when 13081 is divided by 39?
16
What is the remainder when 910 is divided by 181?
5
Calculate the remainder when 29931 is divided by 650.
31
Calculate the remainder when 21315 is divided by 667.
638
What is the remainder when 104448 is divided by 2898?
120
Calculate the remainder when 54826 is divided by 1075.
1
What is the remainder when 43977 is divided by 10984?
41
Calculate the remainder when 3884 is divided by 471.
116
What is the remainder when 16754 is divided by 171?
167
Calculate the remainder when 795824 is divided by 45.
44
Calculate the remainder when 175393 is divided by 123.
118
Calculate the remainder when 4509 is divided by 2211.
87
What is the remainder when 227282 is divided by 75758?
8
What is the remainder when 22708 is divided by 236?
52
What is the remainder when 506006 is divided by 501?
497
What is the remainder when 886 is divided by 364?
158
What is the remainder when 8771 is divided by 8715?
56
Calculate the remainder when 18095 is divided by 9047.
1
Calculate the remainder when 540 is divided by 259.
22
Calculate the remainder when 9634 is divided by 158.
154
What is the remainder when 22216 is divided by 327?
307
What is the remainder when 41019 is divided by 1367?
9
What is the remainder when 1742 is divided by 429?
26
What is the remainder when 5558 is divided by 72?
14
Calculate the remainder when 244407 is divided by 3593.
83
What is the remainder when 6480 is divided by 94?
88
What is the remainder when 122299 is divided by 453?
442
Calculate the remainder when 3894 is divided by 481.
46
Calculate the remainder when 20580 is divided by 2636.
2128
What is the remainder when 66391 is divided by 89?
86
Calculate the remainder when 6153 is divided by 682.
15
Calculate the remainder when 1477673 is divided by 47.
40
What is the remainder when 1469474 is divided by 135?
134
What is the remainder when 5816 is divided by 292?
268
What is the remainder when 37886 is divided by 924?
2
Calculate the remainder when 3551 is divided by 1145.
116
What is the remainder when 428 is divided by 250?
178
What is the remainder when 184684 is divided by 1965?
1939
Calculate the remainder when 497 is divided by 446.
51
What is the remainder when 514257 is divided by 2750?
7
What is the remainder when 15242 is divided by 1998?
1256
What is the remainder when 397841 is divided by 78?
41
Calculate the remainder when 4615 is divided by 219.
16
What is the remainder when 2972 is divided by 212?
4
Calculate the remainder when 851833 is divided by 17.
14
What is the remainder when 32944 is divided by 1432?
8
What is the remainder when 409771 is divided by 91?
89
What is the remainder when 975 is divided by 226?
71
Calculate the remainder when 1691 is divided by 56.
11
Calculate the remainder when 106238 is divided by 353.
338
What is the remainder when 2373 is divided by 432?
213
What is the remainder when 82047 is divided by 27293?
168
Calculate the remainder when 7966 is divided by 7962.
4
Calculate the remainder when 23353 is divided by 147.
127
What is the remainder when 66732 is divided by 1912?
1724
Calculate the remainder when 3494 is divided by 82.
50
What is the remainder when 153531 is divided by 867?
72
What is the remainder when 7335 is divided by 144?
135
Calculate the remainder when 2721 is divided by 1358.
5
What is the remainder when 14431 is divided by 1566?
337
Calculate the remainder when 2212485 is divided by 15.
0
What is the remainder when 45073 is divided by 9013?
8
Calculate the remainder when 169423 is divided by 4344.
7
What is the remainder when 282813 is divided by 10?
3
What is the remainder when 4550 is divided by 303?
5
What is the remainder when 752 is divided by 56?
24
What is the remainder when 18191 is divided by 23?
21
What is the remainder when 1042604 is divided by 260649?
8
Calculate the remainder when 39466 is divided by 19650.
166
What is the remainder when 25956 is divided by 763?
14
Calculate the remainder when 3012 is divided by 555.
237
Calculate the remainder when 28008 is divided by 6997.
20
Calculate the remainder when 7262 is divided by 2349.
215
Calculate the remainder when 7286 is divided by 1507.
1258
What is the remainder when 19405 is divided by 163?
8
What is the remainder when 4723 is divided by 784?
19
What is the remainder when 1672129 is divided by 244?
241
Calculate the remainder when 255416 is divided by 19.
18
What is the remainder when 57402 is divided by 3586?
26
Calculate the remainder when 2368 is divided by 406.
338
Calculate the remainder when 631 is divided by 18.
1
Calculate the remainder when 202209 is divided by 31.
27
Calculate the remainder when 967 is divided by 139.
133
Calculate the remainder when 3020 is divided by 88.
28
What is the remainder when 1295444 is divided by 11?
7
What is the remainder when 5679 is divided by 316?
307
What is the remainder when 6121 is divided by 696?
553
Calculate the remainder when 22995 is divided by 1633.
133
Calculate the remainder when 1222 is divided by 158.
116
What is the remainder when 159625 is divided by 1101?
1081
What is the remainder when 1179 is divided by 442?
295
Calculate the remainder when 145997 is divided by 400.
397
Calculate the remainder when 4264 is divided by 679.
190
Calculate the remainder when 6445 is divided by 374.
87
What is the remainder when 23531 is divided by 1309?
1278
What is the remainder when 1736 is divided by 424?
40
Calculate the remainder when 9835 is divided by 531.
277
What is the remainder when 62272 is divided by 3892?
0
Calculate the remainder when 23436 is divided by 39.
36
Calculate the remainder when 2066 is divided by 541.
443
What is the remainder when 13714 is divided by 976?
50
What is the remainder when 241918 is divided by 40?
38
What is the remainder when 297027 is divided by 12376?
3
What is the remainder when 3531 is divided by 202?
97
Calculate the remainder when 46423 is divided by 465.
388
Calculate the remainder when 6456 is divided by 1244.
236
What is the remainder when 8057 is divided by 2